{"id":40,"date":"2016-04-12T11:37:02","date_gmt":"2016-04-12T11:37:02","guid":{"rendered":"http:\/\/wyspakompetencji.wspa.pl\/?page_id=40"},"modified":"2016-05-16T10:11:53","modified_gmt":"2016-05-16T10:11:53","slug":"strona-glowna","status":"publish","type":"page","link":"https:\/\/wyspakompetencji.wspa.pl\/?page_id=40","title":{"rendered":"AKTUALNO\u015aCI"},"content":{"rendered":"<h3 style=\"text-align: justify;\"><strong>Nowy projekt dla Naszych Student\u00f3w!<\/strong><strong><br \/>\n<\/strong><\/h3>\n<p style=\"text-align: justify;\"><strong>\u00a0<\/strong><\/p>\n<p style=\"text-align: justify;\">Wy\u017csza Szko\u0142a Przedsi\u0119biorczo\u015bci i Administracji rozpocz\u0119\u0142a realizacj\u0119\u00a0 projektu WySPA KOMPETENCJI w ramach dofinansowania unijnego z\u00a0 Programu\u00a0 Operacyjnego Wiedza Edukacja Rozw\u00f3j.<\/p>\n<p style=\"text-align: justify;\">Do udzia\u0142u w projekcie serdecznie zapraszamy \u00a0Osoby studiuj\u0105ce na \u00a0III roku kierunk\u00f3w Architektura, Informatyka lub Transport. Ze wsparcia skorzysta\u0107 mog\u0105 zar\u00f3wno studenci studi\u00f3w stacjonarnych jak i niestacjonarnych.<\/p>\n<p style=\"text-align: justify;\">Osoby zainteresowane projektem prosimy o wype\u0142nienie Formularza wst\u0119pnego dost\u0119pnego na stronie internetowej lub bezpo\u015brednio w Centrum Rozwoju Kompetencji WSPA &#8211; pok\u00f3j 115, telefon kontaktowy 81\u00a045 29 444.<\/p>\n","protected":false},"excerpt":{"rendered":"<p>Nowy projekt dla Naszych Student\u00f3w! \u00a0 Wy\u017csza Szko\u0142a Przedsi\u0119biorczo\u015bci i Administracji rozpocz\u0119\u0142a realizacj\u0119\u00a0 projektu WySPA KOMPETENCJI w ramach dofinansowania unijnego z\u00a0 Programu\u00a0 Operacyjnego Wiedza Edukacja Rozw\u00f3j. Do udzia\u0142u w projekcie serdecznie zapraszamy \u00a0Osoby studiuj\u0105ce na[&#8230;]<\/p>\n","protected":false},"author":1,"featured_media":14,"parent":0,"menu_order":0,"comment_status":"closed","ping_status":"closed","template":"","meta":{"footnotes":""},"class_list":["post-40","page","type-page","status-publish","has-post-thumbnail","hentry"],"_links":{"self":[{"href":"https:\/\/wyspakompetencji.wspa.pl\/index.php?rest_route=\/wp\/v2\/pages\/40","targetHints":{"allow":["GET"]}}],"collection":[{"href":"https:\/\/wyspakompetencji.wspa.pl\/index.php?rest_route=\/wp\/v2\/pages"}],"about":[{"href":"https:\/\/wyspakompetencji.wspa.pl\/index.php?rest_route=\/wp\/v2\/types\/page"}],"author":[{"embeddable":true,"href":"https:\/\/wyspakompetencji.wspa.pl\/index.php?rest_route=\/wp\/v2\/users\/1"}],"replies":[{"embeddable":true,"href":"https:\/\/wyspakompetencji.wspa.pl\/index.php?rest_route=%2Fwp%2Fv2%2Fcomments&post=40"}],"version-history":[{"count":3,"href":"https:\/\/wyspakompetencji.wspa.pl\/index.php?rest_route=\/wp\/v2\/pages\/40\/revisions"}],"predecessor-version":[{"id":117,"href":"https:\/\/wyspakompetencji.wspa.pl\/index.php?rest_route=\/wp\/v2\/pages\/40\/revisions\/117"}],"wp:featuredmedia":[{"embeddable":true,"href":"https:\/\/wyspakompetencji.wspa.pl\/index.php?rest_route=\/wp\/v2\/media\/14"}],"wp:attachment":[{"href":"https:\/\/wyspakompetencji.wspa.pl\/index.php?rest_route=%2Fwp%2Fv2%2Fmedia&parent=40"}],"curies":[{"name":"wp","href":"https:\/\/api.w.org\/{rel}","templated":true}]}}